{"id":228,"date":"2023-01-29T19:23:17","date_gmt":"2023-01-29T19:23:17","guid":{"rendered":"https:\/\/www.famemodelturkiye.com\/?page_id=228"},"modified":"2024-09-20T05:18:32","modified_gmt":"2024-09-20T05:18:32","slug":"aday-katilim-basvuru-sartlari","status":"publish","type":"page","link":"https:\/\/www.famemodelturkiye.com\/?page_id=228","title":{"rendered":"2024 \/ 2025  Yar\u0131\u015fma Aday Ba\u015fvuru \u015eartlar\u0131"},"content":{"rendered":"\n<p><\/p>\n\n\n<div class=\"wp-block-image\">\n<figure class=\"aligncenter size-full is-resized\"><img loading=\"lazy\" decoding=\"async\" src=\"https:\/\/www.famemodelturkiye.com\/wp-content\/uploads\/2023\/01\/1111111111111111.png\" alt=\"\" class=\"wp-image-303\" width=\"405\" height=\"640\" srcset=\"https:\/\/www.famemodelturkiye.com\/wp-content\/uploads\/2023\/01\/1111111111111111.png 304w, https:\/\/www.famemodelturkiye.com\/wp-content\/uploads\/2023\/01\/1111111111111111-190x300.png 190w\" sizes=\"auto, (max-width: 405px) 100vw, 405px\" \/><\/figure>\n<\/div>\n\n\n<p class=\"has-text-align-center has-medium-font-size\"><\/p>\n\n\n\n<p><strong>Kat\u0131l\u0131m Ba\u015fvurular\u0131 \u0130\u00e7in\u2026<\/strong><\/p>\n\n\n\n<p><strong>T.C vatanda\u015f\u0131 olmak,<\/strong><\/p>\n\n\n\n<p><strong>Erkek adaylar; ya\u015f 18\/26 ya\u015f aras\u0131 ayakkab\u0131s\u0131z boy 181 cm ve \u00fcst\u00fc modellik, mankenlik ve oyunculuk kriterlerine ve g\u00f6rselli\u011fine uygun olmak, 2 adet k\u0131yafetli boy ve 1 adet mayolu boy son haliyle \u00e7ekilmi\u015f fotograf ile ba\u015fvuru kabul edilecektir.<\/strong><\/p>\n\n\n\n<p><strong>Kad\u0131n adaylar; ya\u015f 18\/26 ya\u015f aras\u0131 ayakkab\u0131s\u0131z boy 171 cm ve \u00fcst\u00fc&nbsp;modellik, mankenlik ve oyunculuk kriterlerine&nbsp;ve g\u00f6rselli\u011fine uygun olmak, 2 adet k\u0131yafetli boy ve 1 adet mayolu boy son haliyle \u00e7ekilmi\u015f fotograf ile ba\u015fvuru kabul edilecektir.<\/strong><\/p>\n\n\n\n<p><strong>18 Ya\u015f\u0131ndan K\u00fc\u00e7\u00fck Adaylar Ailelerinden Alacaklar\u0131 Muvafakatname \u0130le Yar\u0131\u015fma Aday&nbsp;Ba\u015fvurusunda Bulunabilinirler\u2026<\/strong><\/p>\n\n\n\n<p><strong>Ba\u015fvurular\u0131n\u0131z 13\/09\/2023 Tarihi \u0130tibariyle Kabul Edilecektir\u2026<\/strong><\/p>\n\n\n\n<p><strong>2024 Fame Model Of Turkey  Yar\u0131\u015fmas\u0131nda, &nbsp;Final adaylar\u0131m\u0131z\u0131 belirlemek i\u00e7in kay\u0131tlar\u0131m\u0131z 13\/09\/2023 tarihinde ba\u015flayacakt\u0131r\u2026 Kay\u0131tlar\u0131m\u0131z s\u0131n\u0131rl\u0131d\u0131r.<\/strong><\/p>\n\n\n\n<h4 class=\"wp-block-heading\"><\/h4>\n\n\n\n<h3 class=\"wp-block-heading has-white-color has-text-color has-small-font-size\"><a href=\"https:\/\/www.famemodelturkiye.com\/?page_id=65\" data-type=\"URL\" data-id=\"http:\/\/www.famefaceturkiye.com\/?page_id=126\" target=\"_blank\" rel=\"noreferrer noopener\">ADAY BA\u015eVURU FORMU TIKLA\u2026<\/a><\/h3>\n\n\n\n<p><\/p>\n\n\n\n<h3 class=\"wp-block-heading has-text-align-center has-white-color has-vivid-red-background-color has-text-color has-background\">Ba\u015fvurunuzun Kabul\u00fc  \u0130\u00e7in Sitede Bulunan Yar\u0131\u015fma Aday Ba\u015fvuru Formunu Eksiksiz Doldurman\u0131z\u0131 \u00d6nemle Rica ederiz&#8230; <\/h3>\n\n\n\n<h3 class=\"wp-block-heading has-text-align-center has-white-color has-vivid-red-background-color has-text-color has-background\">Yar\u0131\u015fma Aday Ba\u015fvuru Formunda Taraf\u0131n\u0131zca Eksik G\u00f6nderilen Bilgilerinizden Dolay\u0131 Ba\u015fvurunuz Kabul Edilmeyecektir\u2026 <\/h3>\n\n\n\n<h3 class=\"wp-block-heading has-text-align-center has-white-color has-vivid-red-background-color has-text-color has-background\"> <a href=\"https:\/\/www.famemodelturkiye.com\/?page_id=65\" target=\"_blank\" rel=\"noreferrer noopener\">T\u0131kla Ba\u015fvuru Yap&#8230;<\/a><\/h3>\n\n\n\n<p><\/p>\n\n\n\n<h3 class=\"wp-block-heading has-text-align-center has-white-color has-red-background-color has-text-color has-background has-normal-font-size\">ADAY BA\u015eVURU \u00d6DEME B\u0130LG\u0130S\u0130<\/h3>\n\n\n\n<h3 class=\"wp-block-heading has-white-color has-red-background-color has-text-color has-background has-normal-font-size\">Ba\u015fvurunuzun Kabul\u00fc \u0130\u00e7in Sitede Bulunan Yar\u0131\u015fma Aday Ba\u015fvuru Formunu Eksiksiz Doldurduktan Sonra Aday Ba\u015fvuru Kay\u0131t \u00fccreti olarak 200 TL (\u0130kiy\u00fczTL) \u00d6deme Yapman\u0131z Gerekmektedir\u2026<\/h3>\n\n\n\n<h3 class=\"wp-block-heading has-white-color has-red-background-color has-text-color has-background has-normal-font-size\">Yar\u0131\u015fma Aday Ba\u015fvuru \u00f6demeniz  \u0130\u00e7in Whatsapp adresinize g\u00f6nderilecek \u0130ban Numaras\u0131na \u00d6demenizi Yap\u0131n\u0131z\u2026<\/h3>\n\n\n\n<h3 class=\"wp-block-heading has-white-color has-red-background-color has-text-color has-background has-normal-font-size\">Aday Ba\u015fvuru Kay\u0131t \u00dccreti \u00d6demesi Yap\u0131lmayan Ba\u015fvurular Kabul Edilmeyecektir\u2026<\/h3>\n\n\n\n<p><\/p>\n\n\n\n<h2 class=\"wp-block-heading has-white-color has-red-background-color has-text-color has-background has-small-font-size\">Yar\u0131\u015fma Aday Ba\u015fvuru Formundan farkl\u0131 fotograf g\u00f6ndermek isterseniz 0542 541 4208 Whatsapp Adresinden Ad\u0131n\u0131z\u0131 Soyad\u0131n\u0131z\u0131 Yazarak G\u00f6nderebilirsiniz\u2026<\/h2>\n\n\n\n<p class=\"has-red-color has-text-color\"><\/p>\n\n\n\n<p><\/p>\n\n\n\n<figure class=\"wp-block-image size-large\"><img loading=\"lazy\" decoding=\"async\" width=\"1024\" height=\"596\" src=\"https:\/\/www.famemodelturkiye.com\/wp-content\/uploads\/2023\/09\/2024-1024x596.jpg\" alt=\"\" class=\"wp-image-674\" srcset=\"https:\/\/www.famemodelturkiye.com\/wp-content\/uploads\/2023\/09\/2024-1024x596.jpg 1024w, https:\/\/www.famemodelturkiye.com\/wp-content\/uploads\/2023\/09\/2024-300x175.jpg 300w, https:\/\/www.famemodelturkiye.com\/wp-content\/uploads\/2023\/09\/2024-768x447.jpg 768w, https:\/\/www.famemodelturkiye.com\/wp-content\/uploads\/2023\/09\/2024-1536x895.jpg 1536w, https:\/\/www.famemodelturkiye.com\/wp-content\/uploads\/2023\/09\/2024.jpg 1758w\" sizes=\"auto, (max-width: 1024px) 100vw, 1024px\" \/><\/figure>\n","protected":false},"excerpt":{"rendered":"<p>Kat\u0131l\u0131m Ba\u015fvurular\u0131 \u0130\u00e7in\u2026 T.C vatanda\u015f\u0131 olmak, Erkek adaylar; ya\u015f 18\/26 ya\u015f aras\u0131 ayakkab\u0131s\u0131z boy 181 cm ve \u00fcst\u00fc modellik, mankenlik ve oyunculuk kriterlerine ve g\u00f6rselli\u011fine uygun olmak, 2 adet k\u0131yafetli boy ve 1 adet mayolu boy son haliyle \u00e7ekilmi\u015f fotograf ile ba\u015fvuru kabul edilecektir. Kad\u0131n adaylar; ya\u015f 18\/26 ya\u015f aras\u0131 ayakkab\u0131s\u0131z boy 171 cm ve \u00fcst\u00fc&nbsp;modellik, mankenlik ve oyunculuk kriterlerine&nbsp;ve g\u00f6rselli\u011fine uygun olmak, 2 adet k\u0131yafetli boy ve 1 adet mayolu boy son haliyle \u00e7ekilmi\u015f fotograf ile ba\u015fvuru kabul edilecektir. 18 Ya\u015f\u0131ndan K\u00fc\u00e7\u00fck Adaylar Ailelerinden Alacaklar\u0131 Muvafakatname \u0130le Yar\u0131\u015fma Aday&nbsp;Ba\u015fvurusunda Bulunabilinirler\u2026 Ba\u015fvurular\u0131n\u0131z 13\/09\/2023 Tarihi \u0130tibariyle Kabul Edilecektir\u2026 2024 Fame Model Of Turkey Yar\u0131\u015fmas\u0131nda, &nbsp;Final adaylar\u0131m\u0131z\u0131 belirlemek i\u00e7in kay\u0131tlar\u0131m\u0131z 13\/09\/2023 tarihinde ba\u015flayacakt\u0131r\u2026 Kay\u0131tlar\u0131m\u0131z s\u0131n\u0131rl\u0131d\u0131r. ADAY BA\u015eVURU FORMU TIKLA\u2026 Ba\u015fvurunuzun Kabul\u00fc \u0130\u00e7in Sitede Bulunan Yar\u0131\u015fma Aday Ba\u015fvuru Formunu Eksiksiz Doldurman\u0131z\u0131 \u00d6nemle Rica ederiz&#8230; Yar\u0131\u015fma Aday Ba\u015fvuru Formunda Taraf\u0131n\u0131zca Eksik G\u00f6nderilen Bilgilerinizden Dolay\u0131 Ba\u015fvurunuz Kabul Edilmeyecektir\u2026 T\u0131kla Ba\u015fvuru Yap&#8230; ADAY BA\u015eVURU \u00d6DEME B\u0130LG\u0130S\u0130 Ba\u015fvurunuzun Kabul\u00fc \u0130\u00e7in Sitede Bulunan Yar\u0131\u015fma Aday Ba\u015fvuru Formunu Eksiksiz Doldurduktan Sonra Aday Ba\u015fvuru Kay\u0131t \u00fccreti olarak 200 TL (\u0130kiy\u00fczTL) \u00d6deme Yapman\u0131z Gerekmektedir\u2026 Yar\u0131\u015fma Aday Ba\u015fvuru \u00f6demeniz \u0130\u00e7in Whatsapp adresinize g\u00f6nderilecek \u0130ban Numaras\u0131na \u00d6demenizi Yap\u0131n\u0131z\u2026 Aday Ba\u015fvuru Kay\u0131t \u00dccreti \u00d6demesi Yap\u0131lmayan Ba\u015fvurular Kabul Edilmeyecektir\u2026 Yar\u0131\u015fma Aday Ba\u015fvuru Formundan farkl\u0131 fotograf g\u00f6ndermek isterseniz 0542 541 4208 Whatsapp Adresinden Ad\u0131n\u0131z\u0131 Soyad\u0131n\u0131z\u0131 Yazarak G\u00f6nderebilirsiniz\u2026<\/p>\n","protected":false},"author":1,"featured_media":0,"parent":0,"menu_order":0,"comment_status":"closed","ping_status":"closed","template":"","meta":{"footnotes":""},"class_list":["post-228","page","type-page","status-publish","hentry"],"_links":{"self":[{"href":"https:\/\/www.famemodelturkiye.com\/index.php?rest_route=\/wp\/v2\/pages\/228","targetHints":{"allow":["GET"]}}],"collection":[{"href":"https:\/\/www.famemodelturkiye.com\/index.php?rest_route=\/wp\/v2\/pages"}],"about":[{"href":"https:\/\/www.famemodelturkiye.com\/index.php?rest_route=\/wp\/v2\/types\/page"}],"author":[{"embeddable":true,"href":"https:\/\/www.famemodelturkiye.com\/index.php?rest_route=\/wp\/v2\/users\/1"}],"replies":[{"embeddable":true,"href":"https:\/\/www.famemodelturkiye.com\/index.php?rest_route=%2Fwp%2Fv2%2Fcomments&post=228"}],"version-history":[{"count":45,"href":"https:\/\/www.famemodelturkiye.com\/index.php?rest_route=\/wp\/v2\/pages\/228\/revisions"}],"predecessor-version":[{"id":854,"href":"https:\/\/www.famemodelturkiye.com\/index.php?rest_route=\/wp\/v2\/pages\/228\/revisions\/854"}],"wp:attachment":[{"href":"https:\/\/www.famemodelturkiye.com\/index.php?rest_route=%2Fwp%2Fv2%2Fmedia&parent=228"}],"curies":[{"name":"wp","href":"https:\/\/api.w.org\/{rel}","templated":true}]}}